24 and w.
8
Suppose 3*i = -2*d - 119, 0*i = -4*i - 12. Let a be (-11572)/d - 2/5. Calculate the highest common factor of 126 and a.
42
Let k(u) = 112*u + 31. Suppose 2*z - c = 0, -4*c + 7 = -9. Let v be k(z). Calculate the highest common divisor of v and 15.
15
Let k be 1 + (345 - (-6 - -2)). Let d be k/7 - 9 - 9. Let v = 9 + 7. What is the greatest common factor of v and d?
16
Suppose -71 = -y - 22. Let s(f) = 6*f**2 + f + 5. Let u be s(-4). Let v = u - y. What is the greatest common divisor of 48 and v?
48
Suppose 3*w = 57 - 22 + 22. Suppose -2*h + 7*h - 2185 = 0. Calculate the highest common factor of w and h.
19
Let q = -4782 + 5182. What is the highest common factor of 60 and q?
20
Let f = 23 - 62. Let w = f + 21. Let l = w - -40. What is the greatest common divisor of 154 and l?
22
Let c be (1 - (-4)/(-20)) + 572/(-65). Let y be ((-1444)/c)/((-8)/(-16)). What is the greatest common divisor of 57 and y?
19
Let r = -258 + 362. Let p = -10794 + 10872. Calculate the greatest common factor of p and r.
26
Let u = -83 - -107. Suppose -1518 = -u*y + 13*y. Calculate the highest common divisor of y and 6.
6
Let y = -4 - -20. Let d = 341 - 494. Let o = -121 - d. What is the highest common factor of o and y?
16
Suppose -1 = 5*l - 16. Suppose 0 = -2*d - 2*a + 98, 3*d - 139 = l*a - 4*a. Let c = d + -21. What is the highest common divisor of 60 and c?
12
Let m(d) = 674*d**2 + 49*d - 91. Let k be m(2). Calculate the greatest common divisor of 318 and k.
159
Suppose 0 = 19*w + 599 + 47. Let q = -21 - w. Let y = -132 - -249. What is the greatest common divisor of q and y?
13
Suppose 0 = 2*r + 5*s - 1445, -4*s - 2820 = 2*r - 6*r. Let h be (85*(-20)/(-2720))/((-3)/(-48)). Calculate the greatest common factor of r and h.
10
Suppose -3*x + j = -75, 68*x - 70*x + 63 = -5*j. Calculate the greatest common factor of 1128 and x.
24
Let g(k) = -4*k**3 - 30*k**2 - 12*k + 46. Let d be g(-7). Calculate the greatest common factor of 16 and d.
16
Suppose -10601*j = -10551*j - 9350. Calculate the greatest common divisor of 1139 and j.
17
Let j be (1 - 0) + (147 + 8)*1. Let h be (-3)/((j/224)/(-13)). Calculate the greatest common factor of h and 14.
14
Suppose 3*d - 544 = -z - 1359, 2*d + 2424 = -3*z. Let v = 884 + z. Calculate the highest common factor of v and 39.
39
Let p be 18/(9/(36/8)). Let x = p + -33. Let z = x - -39. Calculate the greatest common divisor of 45 and z.
15
Let p be (28/(-21))/((-4)/(-18)) - -8. Suppose -4*y + 240 = p*b, b = -16*y + 12*y + 130. Let u = 253 - 88. Calculate the highest common divisor of b and u.
55
Suppose -3*q + 2*o + 17932 = 0, -2*o - 8500 = -q - 2516. What is the greatest common factor of 58 and q?
58
Let p be 4/6 - (-8)/(-3). Let u be (-4)/p + 1 + 13. Suppose 14*f - 46829 = -46717. Calculate the highest common divisor of f and u.
8
Let k be 1688*2/80 - (-1)/(-5). What is the greatest common factor of 146 and k?
2
Let v = -29 + 29. Suppose 24 = -w - 3*w - 5*r, w + 5*r + 21 = v. Let k be 1/(-5)*-65 + 1/w. Calculate the greatest common factor of k and 276.
12
Let a = -3116 + 3238. Calculate the highest common divisor of 1525 and a.
61
Let d be 22496/30 - (-20)/150. Let r be d/35 - (-8)/14. What is the greatest common divisor of r and 176?
22
Suppose -k = -5*f + 32, -4*f + 3*f = 5*k - 22. Let p be ((-1575)/12)/f*-4. Suppose 5*i = -0*i + 125. What is the highest common factor of p and i?
25
Let r be (-1 + 434/(-28))*(2 - 28). Calculate the highest common factor of r and 1001.
143
Suppose -14*v - 140 = 224. Let f be (7 + -8)*(-4)/(-4)*v. What is the greatest common factor of 2 and f?
2
Suppose -111*x + 109*x + 14894 = 2*w, 3*w = 5*x - 37275. What is the highest common factor of 46 and x?
46
Let i = -740 - -876. Let t = 150 - i. Calculate the greatest common factor of 448 and t.
14
Let o be 62/403 + 368/(-26). Let m(n) = 11*n + 398. Let v be m(o). What is the greatest common factor of 4 and v?
4
Let u(w) = 25*w + 86. Let i be u(3). What is the greatest common factor of i and 529?
23
Let i be 2/(-3) + ((-120)/(-225))/((-4)/(-410)). Suppose 2*c + 3 = -1. Let d be -1 + c + 2 + 13. Calculate the highest common divisor of i and d.
6
Let a(j) = j**2 + 78*j + 1134. Let k be a(0). What is the highest common factor of k and 294?
42
Let g(t) = 61*t**3 + 6 + t**2 - 17*t + 63*t**3 - 120*t**3. Let c be g(4). What is the highest common factor of c and 42?
42
Suppose -5*d = -d - 280. Suppose -4*t + 2*t = -d. Suppose u = 4*h - 7*h + 740, -2*h = -4*u - 470. What is the highest common divisor of h and t?
35
Suppose -4*v + 48 = 4*q, 4*q - v = 8*q - 33. Suppose y + q*y - 160 = 0. Calculate the highest common divisor of 460 and y.
20
Suppose 39*f = -409 + 1423. Let n be 14 + -9 + f + 0. What is the greatest common factor of n and 713?
31
Suppose 0 = -m - 3*f + 776, 0 = 2*m - 5*f + 567 - 2097. Let p be 231*(2/(-10))/(32/((-3040)/57)). Calculate the greatest common factor of m and p.
77
Let d be 540*(5 + (-156)/20). Let p be (1/(-3))/(6/d). Calculate the highest common divisor of p and 231.
21
Suppose -9*o - 2*o + 7 = -59. Calculate the greatest common divisor of o and 1542.
6
Let x(c) = -46*c - 103. Let j(u) = 413*u + 924. Let k(z) = 3*j(z) + 28*x(z). Let w be k(-3). What is the greatest common factor of w and 119?
7
Let i be (-10)/15*3 - -2. Suppose 2*c + 10 = -3*m, -5*m + i*c = -3*c + 23. Let p be (-3 - -4)*(-276)/m. What is the highest common divisor of p and 23?
23
Let z be ((-9)/(-1))/((-21)/406). Let p = -143 - z. What is the highest common factor of p and 248?
31
Let b = 22134 + -14009. What is the greatest common factor of 26 and b?
13
Let j be (2 + (-48)/33)*11. Suppose -39 - 81 = -j*z. What is the greatest common factor of z and 70?
10
Suppose 4*r + 870 = -r. Let c = -168 - r. Suppose n = 3*y + 51, 10 = 2*n - 4*y - 102. Calculate the highest common divisor of n and c.
6
Suppose -3*b - w + 99 = 11, -4*b + 8*w + 136 = 0. What is the highest common divisor of 1730 and b?
10
Let v(w) = 26*w - 178. Let x be v(7). Let s be 1/(x/(-348)*(-3)/2). Calculate the highest common factor of 4 and s.
2
Suppose -10*s + 6*s = -64. Suppose -4*i = -q + 7 + 1, -3 = -3*i + 3*q. Let o be 8/2 + (-5 - i). Calculate the greatest common divisor of o and s.
2
Suppose -7*c + 0 + 91 = 0. Let q be 17/1 - (c - 8). What is the highest common divisor of 60 and q?
12
Suppose -123 = -4*v - 27. Let t = -286060 - -286708. Calculate the highest common factor of t and v.
24
Let v(y) = y**3 + 6*y**2 + 8*y - 3. Let h be v(-7). Let r = h - -56. Let j = r + 77. Calculate the greatest common factor of 10 and j.
5
Suppose 226*b - 195*b = 496. Suppose 3*h + 3*l + 11 = -l, 0 = -2*h + l. Let v be (-1)/h - (-62)/2. What is the highest common factor of v and b?
16
Suppose -33*b = w - 28*b - 9120, 5*w - 45546 = 2*b. Calculate the highest common divisor of 10 and w.
10
Suppose -23*t + 2*t = -0*t - 15960. Calculate the greatest common divisor of 1672 and t.
152
Let a(d) = -89*d**3 + 6*d**2 + 11*d + 44. Let p be a(-6). Calculate the highest common divisor of p and 266.
266
Suppose 16*i = 114 - 34. Let z(c) = -c**2 + 6*c + 7. Let d be z(i). Calculate the greatest common factor of 18 and d.
6
Let p = -5615 + 5677. Calculate the greatest common factor of 651 and p.
31
Suppose 58*l = -244*l + 75198. Calculate the greatest common divisor of l and 3.
3
Let f(g) = -g**2 + 11. Let w be f(-3). Suppose -2*v = -5*j + w*j - 851, -v + 4*j = -423. Calculate the highest common divisor of v and 61.
61
Let m(u) = 89*u + 4138. Let z be m(-41). Calculate the greatest common factor of 15974 and z.
163
Let y = -44 + 76. Suppose 2*x + 1105 = -3*s, 4*x + 2186 = -7*s + 9*s. Let h = x + 564. What is the greatest common factor of h and y?
16
Let b(c) = -c**3 + 8*c**2 + 21*c - 15. Let r be b(10). Let q be r/(-25) + (-99)/(-5). Suppose 24*v = 19*v + q. Calculate the highest common factor of 1 and v.
1
Suppose 0 = -3*b - 2*g + 230, -3*b - 2*g - 2*g + 220 = 0. Suppose -6*c = -5*c + v - b, v = 5. What is the greatest common divisor of c and 25?
25
Let m(o) = -o**3 + 9*o**2 + o - 7. Let f be m(9). Let h = 41 - 40. Suppose 4*u - 14 = k - h, -19 = 3*u + 5*k. Calculate the highest common factor of u and f.
2
Let a = -4041 + 9226. What is the highest common divisor of 170 and a?
85
Let t be -5*18*2 + -4 + 3. Let a = t - -289. Let f = 